 c is divided by ((-22)/8 + 3)*12?
1
Let z(x) = 2*x + 4. Calculate the remainder when z(8) is divided by 11.
9
Let l be 1/((20/(-12))/(-5)). Suppose -5*f = l*t - 49, -1 + 7 = 2*t. Calculate the remainder when 21 is divided by f.
5
Suppose y - 20 = -3. Let w(k) = -k + 2. Let l be w(-2). Suppose 7*r - 132 = 3*r + u, 132 = l*r + 4*u. Calculate the remainder when r is divided by y.
16
Let g(q) = q + 9. Let y be g(-6). Suppose -2*i + 7 = -y. Let k = 11 - 2. Calculate the remainder when k is divided by i.
4
Let g(h) = -h**3 + 11*h**2 - 7*h - 13. What is the remainder when 31 is divided by g(10)?
14
Suppose -2*o + 4*a = a - 174, -247 = -3*o + a. What is the remainder when o is divided by 28?
25
Suppose 0*u - 3*u - 12 = 0, -3*u - 132 = -2*j. Suppose 4*l = -5*g + j, g - 2*g = 0. Calculate the remainder when 59 is divided by l.
14
Let m(r) = r**2 - 9*r + 2. Let t be m(9). Suppose -4*u + 31 = -49. Calculate the remainder when (-2 - (-1 + t))*-13 is divided by u.
19
Let c = 0 - -1. Let s = 12 + c. Suppose 2*d - 4*n - 116 = -2*d, 0 = -3*d - 3*n + 57. What is the remainder when d is divided by s?
11
Suppose 30 = 3*p + h + 5, 0 = 3*p - 2*h - 40. Suppose q - 150 = -4*q. Suppose -7*y + 2*y = -q. What is the remainder when p is divided by y?
4
Suppose -5*k + 14 = -6. Let d(v) = v**3 - 4*v**2 + 3*v + 4. What is the remainder when 31 is divided by d(k)?
15
Let k(f) = -f**3 + f**2 + f - 5. Let o be k(4). Let t = o - -71. Calculate the remainder when t is divided by 6.
4
Suppose -2*l + 4*f + 16 = 0, 5*f + 20 = l - 4*l. Suppose -2*g + 5*s + 7 = l, 5*g + 0*g + 5*s = 70. Calculate the remainder when 41 is divided by g.
8
Suppose -3*m + 16 = 2*l - 2*m, 0 = 2*l - 5*m - 16. Let a = l - -17. Let h = a + -18. Calculate the remainder when 20 is divided by h.
6
Let k be (-2)/(-4)*(-3 + 3). Suppose k = 5*u - 2*u + 648. What is the remainder when (-2)/4*u/2 is divided by 19?
16
Let n be (-114)/(-8) + 1/(-4). Suppose h - n = -0*h. What is the remainder when 26 is divided by h?
12
What is the remainder when 67 is divided by (-21)/(-63) - 50/(-3)?
16
Let x(b) = 3*b - 10. What is the remainder when 29 is divided by x(6)?
5
Suppose 4*b = 3*b + 22. Calculate the remainder when b is divided by (-46)/(-4) + 2/4.
10
Calculate the remainder when ((-2)/8)/(3/(-564)) is divided by 25.
22
Let f be ((-4)/(-2))/((-1)/17). Let b = 0 - f. What is the remainder when b is divided by 18?
16
Let p(m) = 2*m - 6. Let t(u) = -u + 1. Let n be t(-3). Let c be p(n). Calculate the remainder when 3 is divided by 4 + 1/(-2)*c.
0
Let s = -5 + 9. Suppose -2*w + 4*z + 8 = 0, s*z - z + 19 = -5*w. What is the remainder when 13 is divided by (1 + 14)*w/(-6)?
3
Let a(i) = 3*i**2 + 2*i - 2. Let y = -44 + 26. What is the remainder when (-2)/(-6) - 966/y is divided by a(2)?
12
Let r = 0 - -2. What is the remainder when 35 is divided by ((-6)/5)/(r/(-20))?
11
Suppose -a - 4*a + 100 = 0. Suppose k + 32 = 4*t, -5*t - 4*k - 3 + 22 = 0. Calculate the remainder when a is divided by t.
6
Let b(u) = -14*u - 2. Let q(w) = -28*w - 5. Let i(n) = -5*b(n) + 2*q(n). What is the remainder when 40 is divided by i(1)?
12
Suppose f - 16*f = -360. Calculate the remainder when f is divided by 14.
10
Suppose 79 = 5*b + 34. Calculate the remainder when 33 is divided by b.
6
Let v(b) = 15*b**2 + b - 1. Let w be v(1). Suppose r - w = -4. Calculate the remainder when 31 is divided by r.
9
Let v = 182 - -98. What is the remainder when 82 is divided by v/25*(-5)/(-2)?
26
Let j(z) = -z + 4. Let x be j(4). Suppose x = 4*b - 3*q - 68, 3*b + 0*b - 68 = -2*q. What is the remainder when 58 is divided by b?
18
Let d = -27 - -14. Let p = d + 35. What is the remainder when 42 is divided by p?
20
Let b(y) = 3*y**3 - 3*y**2 + 2*y + 2. Let m(z) = -4*z**3 + 2*z**2 - 2*z - 1. Let k(n) = -3*b(n) - 2*m(n). What is the remainder when 11 is divided by k(4)?
3
Let v be ((0/(-4))/(-1))/1. Suppose v = -4*t - 6 + 58. Calculate the remainder when 0 - (2 - (0 + 40)) is divided by t.
12
Suppose 0*h + 3*h = 231. Let x = -37 + h. Calculate the remainder when x is divided by 14.
12
Let k = 130 + -117. What is the remainder when 88 is divided by k?
10
Suppose -5*x = l - 1, 0 = 3*x - 2 - 4. Let o(a) = a + 13. Calculate the remainder when 2/8 - (-43)/4 is divided by o(l).
3
Let a(w) = -6*w - 4*w**2 - 2*w**3 + 2 + 2*w + w**3. Calculate the remainder when 51 is divided by a(-4).
15
Let v = -41 - -55. Suppose -3*o + 17 = 2. What is the remainder when v is divided by o?
4
Let v(g) = g**2 - 1. Let u(s) = 4*s**2 + s - 14. Let t(b) = -u(b) + 5*v(b). Calculate the remainder when 16 is divided by t(0).
7
Let r = 142 - 118. Calculate the remainder when r is divided by 14.
10
Let w(x) = x + 9. Let c be w(-7). Suppose 8 = -5*v + 2*b + 36, -c*v + 2*b = -16. Suppose -v*g + 10 = -2*g. What is the remainder when 9 is divided by g?
4
Let a = -16 + 22. Suppose -8*g + 6 = -a*g. Suppose 42 = r + 2*r - g*k, -3*r + 42 = -4*k. Calculate the remainder when 41 is divided by r.
13
Let s = 33 - 28. Suppose r = -3*r - 20. Let u = -3 - r. What is the remainder when s is divided by u?
1
Let y(g) = 22 + 7*g - 2*g - 23. Calculate the remainder when 25 is divided by y(3).
11
Let q(p) = -p**3 - 5*p**2 - 6*p. Let a be q(-4). Suppose -h = -3*h - a. Calculate the remainder when 1 + h - (2 - 24) is divided by 7.
5
Suppose t = 8*t - 56. What is the remainder when 12 is divided by t?
4
Suppose 0 = -2*w + 8, 3*w = -0*g + g - 34. What is the remainder when 229 is divided by g?
45
Let w = -32 - -73. Suppose -3*q = -2*q - w. Calculate the remainder when q is divided by (-6)/(-8)*-2*-14.
20
Let r(m) = -m**2 - 8*m - 7. Let v = -8 - -3. Let c be r(v). Suppose -c = -5*i + 17. What is the remainder when 13 is divided by i?
3
Let t(r) = r**2 + r + 23. Calculate the remainder when 88 is divided by t(0).
19
Let p = -8 + 19. Let i(n) = n + 49. What is the remainder when i(-6) is divided by p?
10
Let r = -18 - -19. Let x = -3 - -5. Calculate the remainder when x is divided by r.
0
Let r(y) = 6*y**2 - 5*y + 6. Calculate the remainder when r(4) is divided by 28.
26
Let m = -8 + 14. Calculate the remainder when 27 is divided by m.
3
Suppose 11*i - 13*i = 4. What is the remainder when 31 is divided by ((-8)/i)/2 + 9?
9
Let o be -2*(4 - (-11)/(-2)). Suppose -2*w = 6*c - o*c - 7, 0 = -4*c - 3*w + 9. What is the remainder when 14 is divided by c?
2
Let k(d) = -d**3 + 7*d**2 + 2*d - 1. Let r = 6 - 3. Let q be (r + -2)/((-2)/(-14)). What is the remainder when k(q) is divided by 4?
1
Suppose 0 = -3*n + n + 52. What is the remainder when 74 is divided by n?
22
Suppose -2*a + 10 = -0*u - 5*u, 2*a = 3*u + 10. Let s = -8 + 12. Suppose h - 4*t - s = -3*h, 3*h - 5*t = 1. What is the remainder when a is divided by h?
1
Let g(h) = h**2 + 3*h + 3. Let v be g(-4). Let a = 18 + v. What is the remainder when a is divided by 7?
4
Calculate the remainder when 41 is divided by ((-3)/(-12))/(2/56).
6
Let m(r) = r**2 + r - 1. Let p(j) = -j**2 - 10*j - 4. Let g be p(-8). Suppose k + 2*k = -g. Calculate the remainder when 32 is divided by m(k).
10
Let q(m) = m**3 + 3*m**2 - 3*m - 2. Let w be q(-4). Let v = 12 + w. Calculate the remainder when 28 is divided by (v/(-8))/(4/(-80)).
13
Let x(t) = -t + 2. Let p be (-9)/(-15)*-1*-25. Suppose n + 2*n = -p. Calculate the remainder when x(n) is divided by 5.
2
Suppose -3*o = 5*n - 289, o + 3*n - 103 = -0*o. What is the remainder when o is divided by 30?
28
Suppose -25 = 5*f, o - f = 4*o + 11. Let d = 5 + o. Calculate the remainder when 8 is divided by d.
2
Suppose -1 - 66 = -5*x + 3*k, 2*k = 5*x - 63. What is the remainder when 21 is divided by x?
10
What is the remainder when -39 - -38 - 3/(3/(-62)) is divided by 22?
17
Let k = -3 + 9. Suppose 0*l = 2*l - 54. Suppose 4*s - 115 + 38 = -3*g, g + 2*s - l = 0. What is the remainder when g is divided by k?
5
Let c be (-8)/(-4) + 95 - -1. What is the remainder when 5 is divided by 7/(-2)*(-56)/c?
1
Let s(b) be the second derivative of 2/3*b**4 - 4/3*b**3 + 0 - 1/20*b**5 + 9/2*b**2 + 2*b. Calculate the remainder when 4 is divided by s(7).
0
Let k = 24 - 20. Let l(d) = d + 11. Let i be l(0). Let h = 18 - i. What is the remainder when h is divided by k?
3
Let b(g) = -g**3 - 4*g - 3. Calculate the remainder when b(-2) is divided by 7.
6
Let g = -11 - -7. What is the 